{"id":139,"date":"2023-02-23T15:49:01","date_gmt":"2023-02-23T14:49:01","guid":{"rendered":"https:\/\/web.la-nube.de\/?page_id=139"},"modified":"2024-05-07T10:31:01","modified_gmt":"2024-05-07T08:31:01","slug":"meine-hardware","status":"publish","type":"page","link":"https:\/\/web.la-nube.de\/?page_id=139","title":{"rendered":"Meine Hardware"},"content":{"rendered":"\t\t<div data-elementor-type=\"wp-page\" data-elementor-id=\"139\" class=\"elementor elementor-139\">\n\t\t\t\t\t\t<section class=\"elementor-section elementor-top-section elementor-element elementor-element-481477e6 elementor-section-boxed elementor-section-height-default elementor-section-height-default\" data-id=\"481477e6\" data-element_type=\"section\">\n\t\t\t\t\t\t<div class=\"elementor-container elementor-column-gap-default\">\n\t\t\t\t\t<div class=\"elementor-column elementor-col-100 elementor-top-column elementor-element elementor-element-7d37b2bc\" data-id=\"7d37b2bc\" data-element_type=\"column\">\n\t\t\t<div class=\"elementor-widget-wrap elementor-element-populated\">\n\t\t\t\t\t\t<div class=\"elementor-element elementor-element-7a2b9854 elementor-widget elementor-widget-text-editor\" data-id=\"7a2b9854\" data-element_type=\"widget\" data-widget_type=\"text-editor.default\">\n\t\t\t\t<div class=\"elementor-widget-container\">\n\t\t\t<style>\/*! elementor - v3.21.0 - 08-05-2024 *\/\n.elementor-widget-text-editor.elementor-drop-cap-view-stacked .elementor-drop-cap{background-color:#69727d;color:#fff}.elementor-widget-text-editor.elementor-drop-cap-view-framed .elementor-drop-cap{color:#69727d;border:3px solid;background-color:transparent}.elementor-widget-text-editor:not(.elementor-drop-cap-view-default) .elementor-drop-cap{margin-top:8px}.elementor-widget-text-editor:not(.elementor-drop-cap-view-default) .elementor-drop-cap-letter{width:1em;height:1em}.elementor-widget-text-editor .elementor-drop-cap{float:left;text-align:center;line-height:1;font-size:50px}.elementor-widget-text-editor .elementor-drop-cap-letter{display:inline-block}<\/style>\t\t\t\t<!-- wp:list -->\n<ul><!-- wp:list-item -->\n<li>Als Proxmox Server dient ein MiniPC von BeeLink mit 6\/12 Core von AMD, 64GB RAM und 2,5 TB SSD.<\/li>\n<!-- \/wp:list-item -->\n\n<!-- wp:list-item -->\n<li>Als Backup Server dient auch ein kleiner Mini PC von BeeLink mit Celeron CPU und 8 GB RAM und 512 GB SSD.<\/li>\n<!-- \/wp:list-item -->\n\n<!-- wp:list-item -->\n<li>Netzwerk: 8 Port Gigabit Switch vonTP-Link und eine Fritzbox 6591 Cable an einem Gigabit Vodafone Kabelanschlu\u00df. Uplink 100 Mbit\/s.<\/li>\n<!-- \/wp:list-item --><\/ul>\n<!-- \/wp:list -->\n\n<!-- wp:paragraph -->\n<p><\/p>\n<!-- \/wp:paragraph -->\t\t\t\t\t\t<\/div>\n\t\t\t\t<\/div>\n\t\t\t\t\t<\/div>\n\t\t<\/div>\n\t\t\t\t\t<\/div>\n\t\t<\/section>\n\t\t\t\t<section class=\"elementor-section elementor-top-section elementor-element elementor-element-2052a3a elementor-section-boxed elementor-section-height-default elementor-section-height-default\" data-id=\"2052a3a\" data-element_type=\"section\">\n\t\t\t\t\t\t<div class=\"elementor-container elementor-column-gap-default\">\n\t\t\t\t\t<div class=\"elementor-column elementor-col-100 elementor-top-column elementor-element elementor-element-20f226b\" data-id=\"20f226b\" data-element_type=\"column\">\n\t\t\t<div class=\"elementor-widget-wrap elementor-element-populated\">\n\t\t\t\t\t\t<div class=\"elementor-element elementor-element-5d98c1d elementor-widget elementor-widget-text-editor\" data-id=\"5d98c1d\" data-element_type=\"widget\" data-widget_type=\"text-editor.default\">\n\t\t\t\t<div class=\"elementor-widget-container\">\n\t\t\t\t\t\t\t<p>Nun zur Software. Um m\u00f6glichst viele Dienste auf einem Rechner auszuf\u00fchren empfiehlt es sich sogenannte Virtuelle Maschinen zu verwenden. H\u00f6rt sich kompliziert an &#8211; ist es aber nicht. Meine Wahl fiel hier auf Proxmox als Hypervisor. Diese steht dem Marktf\u00fchrer VMware in keiner weise nach, hat aber den Vorteil kostenlos zu sein.<\/p>\n<p>\u00a0<\/p>\t\t\t\t\t\t<\/div>\n\t\t\t\t<\/div>\n\t\t\t\t\t<\/div>\n\t\t<\/div>\n\t\t\t\t\t<\/div>\n\t\t<\/section>\n\t\t\t\t<\/div>\n\t\t","protected":false},"excerpt":{"rendered":"<p>Nun zur Software. Um m\u00f6glichst viele Dienste auf einem Rechner auszuf\u00fchren empfiehlt es sich sogenannte Virtuelle Maschinen zu verwenden. H\u00f6rt sich kompliziert an &#8211; ist es aber nicht. Meine Wahl fiel hier auf Proxmox als Hypervisor. Diese steht dem Marktf\u00fchrer VMware in keiner weise nach, hat aber den Vorteil kostenlos zu sein. \u00a0<\/p>\n","protected":false},"author":1,"featured_media":0,"parent":0,"menu_order":0,"comment_status":"closed","ping_status":"closed","template":"","meta":{"footnotes":""},"class_list":["post-139","page","type-page","status-publish","hentry"],"_links":{"self":[{"href":"https:\/\/web.la-nube.de\/index.php?rest_route=\/wp\/v2\/pages\/139","targetHints":{"allow":["GET"]}}],"collection":[{"href":"https:\/\/web.la-nube.de\/index.php?rest_route=\/wp\/v2\/pages"}],"about":[{"href":"https:\/\/web.la-nube.de\/index.php?rest_route=\/wp\/v2\/types\/page"}],"author":[{"embeddable":true,"href":"https:\/\/web.la-nube.de\/index.php?rest_route=\/wp\/v2\/users\/1"}],"replies":[{"embeddable":true,"href":"https:\/\/web.la-nube.de\/index.php?rest_route=%2Fwp%2Fv2%2Fcomments&post=139"}],"version-history":[{"count":6,"href":"https:\/\/web.la-nube.de\/index.php?rest_route=\/wp\/v2\/pages\/139\/revisions"}],"predecessor-version":[{"id":176,"href":"https:\/\/web.la-nube.de\/index.php?rest_route=\/wp\/v2\/pages\/139\/revisions\/176"}],"wp:attachment":[{"href":"https:\/\/web.la-nube.de\/index.php?rest_route=%2Fwp%2Fv2%2Fmedia&parent=139"}],"curies":[{"name":"wp","href":"https:\/\/api.w.org\/{rel}","templated":true}]}}